 7
10
What is b (base 14) in base 16?
b
-1 (base 4) to base 10
-1
What is 3 (base 10) in base 9?
3
What is 8e (base 16) in base 10?
142
3 (base 8) to base 12
3
-7 (base 12) to base 14
-7
What is -104 (base 6) in base 12?
-34
Convert 4 (base 16) to base 8.
4
What is 23 (base 8) in base 6?
31
What is 275 (base 11) in base 16?
144
5 (base 8) to base 9
5
-2 (base 7) to base 9
-2
Convert -7 (base 11) to base 9.
-7
111110 (base 2) to base 4
332
Convert 6 (base 15) to base 7.
6
What is -3 (base 6) in base 8?
-3
Convert -101 (base 2) to base 7.
-5
9 (base 11) to base 6
13
-1 (base 13) to base 7
-1
-10 (base 2) to base 5
-2
Convert 15 (base 9) to base 8.
16
-11 (base 5) to base 12
-6
1 (base 2) to base 13
1
What is -3 (base 12) in base 14?
-3
What is -12 (base 3) in base 10?
-5
4 (base 11) to base 6
4
Convert 263 (base 7) to base 5.
1033
Convert 45 (base 8) to base 7.
52
What is -12 (base 5) in base 6?
-11
Convert -305 (base 10) to base 6.
-1225
Convert 110 (base 4) to base 15.
15
Convert 20 (base 3) to base 11.
6
What is -24 (base 8) in base 12?
-18
What is 41 (base 8) in base 16?
21
1 (base 2) to base 15
1
Convert 1 (base 6) to base 8.
1
16 (base 12) to base 2
10010
What is -120 (base 11) in base 3?
-12022
-1 (base 9) to base 15
-1
Convert 20 (base 5) to base 2.
1010
-69 (base 15) to base 5
-344
Convert -26 (base 15) to base 16.
-24
What is 112 (base 6) in base 5?
134
13 (base 10) to base 2
1101
Convert -9 (base 15) to base 4.
-21
What is -220 (base 3) in base 2?
-11000
Convert -1 (base 15) to base 2.
-1
Convert 0 (base 3) to base 10.
0
Convert -101 (base 2) to base 10.
-5
-11 (base 6) to base 12
-7
Convert -2 (base 9) to base 11.
-2
Convert 111 (base 4) to base 11.
1a
-5 (base 13) to base 3
-12
8 (base 13) to base 6
12
What is -13 (base 7) in base 3?
-101
50 (base 15) to base 6
203
Convert 5 (base 8) to base 5.
10
Convert 2 (base 16) to base 4.
2
Convert 6 (base 14) to base 11.
6
9 (base 13) to base 14
9
1001 (base 2) to base 10
9
1113 (base 4) to base 2
1010111
Convert 1 (base 4) to base 6.
1
Convert -3 (base 16) to base 9.
-3
What is -5 (base 6) in base 7?
-5
What is -12220 (base 3) in base 8?
-237
What is 1012 (base 3) in base 5?
112
Convert 2 (base 16) to base 14.
2
What is 1 (base 15) in base 2?
1
Convert 1 (base 12) to base 3.
1
Convert -12 (base 12) to base 11.
-13
-1 (base 3) to base 5
-1
What is 1 (base 2) in base 11?
1
19 (base 10) to base 5
34
What is -96 (base 13) in base 10?
-123
What is -1133 (base 4) in base 6?
-235
-a7 (base 13) to base 10
-137
What is -2 (base 7) in base 16?
-2
What is -5 (base 14) in base 5?
-10
What is 1 (base 12) in base 15?
1
Convert -121 (base 3) to base 14.
-12
Convert -49 (base 15) to base 14.
-4d
What is 16 (base 9) in base 7?
21
What is -2 (base 13) in base 9?
-2
-3 (base 9) to base 11
-3
11 (base 7) to base 12
8
Convert -36 (base 10) to base 2.
-100100
-21 (base 4) to base 2
-1001
What is -5 (base 11) in base 13?
-5
What is 203 (base 4) in base 5?
120
What is -12 (base 11) in base 10?
-13
77 (base 13) to base 7
200
What is 36 (base 12) in base 9?
46
Convert -21012 (base 3) to base 14.
-dc
Convert 11 (base 11) to base 8.
14
Convert -b4 (base 12) to base 16.
-88
Convert 1a (base 15) to base 8.
31
Convert -21 (base 8) to base 11.
-16
Convert 33 (base 6) to base 14.
17
-84 (base 16) to base 4
-2010
What is 66 (base 13) in base 8?
124
Convert 1211 (base 4) to base 3.
10202
What is -3 (base 14) in base 3?
-10
Convert 3 (base 9) to base 10.
3
What is 35 (base 9) in base 16?
20
6 (base 7) to base 15
6
Convert 37 (base 12) to base 14.
31
Convert 126 (base 8) to base 16.
56
Convert 150 (base 16) to base 14.
1a0
Convert 5 (base 11) to base 7.
5
What is -2 (base 13) in base 10?
-2
What is 1331 (base 5) in base 14?
116
-18 (base 10) to base 5
-33
Convert 12 (base 10) to base 6.
20
Convert 0 (base 2) to base 8.
0
-31 (base 6) to base 10
-19
17 (base 8) to base 6
23
124 (base 5) to base 16
27
What is -2 (base 15) in base 2?
-10
-200 (base 3) to base 14
-14
What is 96 (base 11) in base 12?
89
Convert -82 (base 9) to base 15.
-4e
Convert -8 (base 12) to base 4.
-20
-22 (base 3) to base 15
-8
What is 0 (base 6) in base 7?
0
11 (base 2) to base 3
10
36 (base 7) to base 5
102
Convert 6 (base 7) to base 14.
6
Convert 69 (base 14) to base 12.
79
1204 (base 5) to base 15
be
-4 (base 12) to base 7
-4
313 (base 4) to base 7
106
Convert 21 (base 8) to base 14.
13
3 (base 6) to base 15
3
-17 (base 9) to base 12
-14
20 (base 4) to base 11
8
Convert 1 (base 7) to base 13.
1
115 (base 12) to base 15
ab
Convert -4e (base 15) to base 11.
-68
What is 75 (base 8) in base 12?
51
10111 (base 2) to base 12
1b
-3a (base 12) to base 8
-56
What is -1 (base 2) in base 16?
-1
Convert 36 (base 11) to base 2.
100111
2 (base 8) to base 2
10
Convert -1101 (base 2) to base 13.
-10
1 (base 8) to base 10
1
Convert 31 (base 4) to base 7.
16
30 (base 7) to base 15
16
Convert 72 (base 14) to base 9.
121
17 (base 14) to base 5
41
8 (base 12) to base 14
8
1111010 (base 2) to base 5
442
What is 22 (base 9) in base 11?
19
-22 (base 3) to base 6
-12
Convert -104 (base 6) to base 16.
-28
Convert 10001 (base 2) to base 14.
13
Convert -12 (base 6) to base 14.
-8
What is -4 (base 15) in base 11?
-4
What is 111 (base 10) in base 8?
157
28 (base 13) to base 14
26
What is 224 (base 5) in base 4?
1000
-1011111 (base 2) to base 14
-6b
Convert 161 (base 11) to base 5.
1223
What is -113 (base 5) in base 12?
-29
-220 (base 11) to base 15
-129
Convert 13 (base 11) to base 5.
24
Convert 61 (base 13) to base 7.
142
-169 (base 15) to base 4
-11010
Convert 2020 (base 3) to base 9.
66
-35 (base 7) to base 6
-42
0 (base 2) to base 11
0
4 (base 14) to base 2
100
101 (base 2) to base 3
12
-1010 (base 3) to base 4
-132
0 (base 16) to base 2
0
Convert -5 (base 16) to base 5.
-10
12 (base 8) to base 10
10
-213 (base 5) to base 14
-42
What is -2 (base 3) in base 16?
-2
What is 1 (base 12) in base 9?
1
-4 (base 15) to base 6
-4
1 (base 11) to base 14
1
-1 (base 10) to base 8
-1
Convert -3 (base 10) to base 5.
-3
-3 (base 7) to base 3
-10
Convert 3a (base 15) to base 10.
55
a (base 13) to base 6
14
What is -2 (base 10) in base 8?
-2
Convert 94 (base 13) to base 10.
121
-141 (base 12) to base 6
-521
What is 3 (base 13) in base 4?
3
What is 11000 (base 2) in base 15?
19
0 (base 8) to base 15
0
Convert -72 (base 8) to base 15.
-3d
What is b (base 13) in base 5?
21
What is -11 (base 5) in base 12?
-6
2 (base 13) to base 11
2
Convert -14b (base 12) to base 8.
-313
Convert -5 (base 15) to base 11.
-5
What is 21 (base 13) in base 2?
11011
8d (base 14) to base 9
148
What is a (base 11) in base 7?
13
35 (base 15) to base 12
42
What is -39 (base 11) in base 13?
-33
Convert -87 (base 12) to base 15.
-6d
What is -8 (base 11) in base 12?
-8
What is -11 (base 5) in base 7?
-6
What is 0 (base 14) in base 15?
0
What is -8 (base 14) in base 11?
-8
-11 (base 4) to base 5
-10
Convert 2 (base 5) to base 6.
2
11 (base 16) to base 9
18
Convert 18 (base 13) to base 9.
23
Convert 15 (base 7) to base 13.
c
100002 (base 3) to base 14
137
0 (base 14) to base 3
0
-61 (base 15) to base 5
-331
What is -2 (base 6) in base 10?
-2
Convert -1 (base 11) to base 2.
-1
What is 535 (base 7) in base 8?
417
-11 (base 2) to base 3
-10
7a (base 14) to base 12
90
-8 (base 11) to base 3
-22
d (base 14) to base 13
10
Convert 1 (base 13) to base 11.
1
What is 13 (base 16) in base 12?
17
Convert 21102 (base 3) to base 11.
172
What is -122 (base 11) in base 2?
-10010001
What is -2 (base 3) in base 12?
-2
-10 (base 4) to base 5
-4
What is 3 (base 7) in base 16?
3
What is 8 (base 15) in base 10?
8
What is -1 (base 3) in base 16?
-1
-11 (base 7) to base 3
-22
33 (base 8) to base 14
1d
10 (base 14) to base 16
e
-10222 (base 3) to base 13
-83
Convert c (base 16) to base 3.
110
Convert 1001000 (base 2) to base 7.
132
32 (base 4) to base 10
14
What is 2200 (base 3) in base 4?
1020
Convert -1220 (base 3) to base 14.
-39
4 (base 7) to base 15
4
Convert 1 (base 8) to base 2.
1
2 (base 4) to base 7
2
Convert -75 (base 11) to base 3.
-10001
b1 (base 15) to base 10
166
Convert -1 (base 5) to base 13.
-1
Convert 121 (base 3) to base 2.
10000
-11 (base 2) to base 5
-3
-13 (base 5) to base 4
-20
Convert -6 (base 13) to base 6.
-10
-1444 (base 5) 